 -4*(-3)/(-12) - -3. Let t(h) = -w - h**3 - 201327*h**2 + 0 + h + 201333*h**2. What is t(6)?
4
Suppose -3961*z - 6 = -3959*z. Let k(u) = 8*u + 35. What is k(z)?
11
Let m(f) = -5*f**2 - f - 1. Let d be m(-1). Let j(b) = -6*b - 93. Let a(i) = 8*i + 127. Let x(p) = -8*a(p) - 11*j(p). Give x(d).
-3
Let k(j) = 37*j**3 + 3*j**2 - j - 42. Let g(y) = 22*y**3 + y**2 - 21. Let q(b) = -5*g(b) + 3*k(b). Calculate q(-3).
-3
Let g(l) be the first derivative of -l**3/3 + 3*l**2/2 - 8*l + 1740. Give g(4).
-12
Let a(v) = v**2 - 83 - 74 + 321 + 15*v - 81 - 69. Determine a(-17).
48
Let t(w) be the third derivative of w**6/120 - w**4/4 + w**3/2 + 6384*w**2. Determine t(3).
12
Suppose -k - 40 = -56. Let h(g) = -k - 3*g - 10 + 26. Determine h(3).
-9
Let z(v) be the second derivative of -v**4/4 - 19*v**3/6 - 3*v**2 + 16*v - 624. Suppose 4*d = d - 18. Determine z(d).
0
Let m(x) = x - 17. Suppose -1269 = -59*t - 36*t + 536. Give m(t).
2
Let h = 2133 - 2147. Let c(r) = r**3 + 14*r**2 + r + 20. Determine c(h).
6
Suppose -2*k - k = 162. Suppose s + 1886 = 1835. Let n = s - k. Let w(u) = -3*u + 1. Calculate w(n).
-8
Let s = -22 - -33. Let j(g) = -5 - 5 + 31 - s + 4*g. Calculate j(-4).
-6
Let s(c) = -c**3 + c**2 + 3*c + 3. Let t be 2/2*(2 - -15). Suppose 0*d + d = 2*h - 12, t = 3*h - d. Suppose -h*b + 0*y - 4*y = 1, -4*b - y = -8. Calculate s(b).
-6
Let h(b) = -11*b**2 - b - 1. Let r(f) = f**2 + 2. Let s(p) = -h(p) - r(p). Let z be 45/(-20) - -1*(-6)/(-24). Determine s(z).
37
Let i(q) = -2*q + 221 + 0*q - 283 + 105. Calculate i(14).
15
Let z = -180 + 370. Let l = z + -195. Let x(b) = -2*b**2 - 7*b - 4. Calculate x(l).
-19
Let c = -7513 + 7513. Let g(j) be the third derivative of -1/3*j**3 + c + 0*j**4 + 0*j + 1/120*j**6 + 1/20*j**5 + 48*j**2. Calculate g(-2).
2
Let h(v) = -22*v + 31. Suppose 3*w - 24 = -2*b - 7, 4*b = 4*w - 16. Calculate h(w).
-79
Suppose 6*t = 39 - 9. Let d(u) = -9*u - 26. Let n(a) = -11*a - 27. Let j(l) = t*d(l) - 4*n(l). Determine j(-9).
-13
Let k(g) = -g**2 - 4*g + 2. Let t = 1 + 1. Let p be ((-110)/66)/(t + (-5)/3). Calculate k(p).
-3
Let t(k) = -88*k**3 - 20*k**2 + 8*k + 23. Let d(z) = -23*z**3 - 5*z**2 + 2*z + 6. Let f(v) = -23*d(v) + 6*t(v). Determine f(2).
-8
Let d(m) = -m + 12. Suppose 25*q = 29*q, i + 6 = -0*i - 3*q. Give d(i).
18
Let a(k) = -4*k**2 - 3*k + 4. Suppose 1141*x - 1080*x = -183. What is a(x)?
-23
Let v(s) be the first derivative of -2*s**3/3 + 4*s**2 - 10*s + 2745. Give v(2).
-2
Let u(w) be the first derivative of 7*w**2/2 + 7*w + 137. Give u(-1).
0
Suppose -18 = -2*p - 12. Let g(l) = -2*l**p + 4*l**2 - l + 6 + 5*l**3 - 2*l**3 + 1. Let w = -101 - -96. Calculate g(w).
-13
Let j(n) = 15*n**2 + 5*n + 21. Let q(b) = 7*b**2 + 3*b + 10. Let s(l) = 5*l**2 - 39*l - 14. Let h be s(8). Let d(y) = h*j(y) + 13*q(y). What is d(-8)?
-4
Let j(p) = -p**3 + 26*p**2 + 30. Let s be j(26). Let k(l) be the first derivative of s - 14*l + 1/2*l**2. Give k(9).
-5
Let u(m) = -6*m - m**2 - 6*m + 2*m - 4. Suppose 0 = -14*i - 29 - 55. Let l be (-1 + i/(-30))/(6/45). Calculate u(l).
20
Let h be 0/(-9 + 7 + 0). Let c(w) = -11 + w**2 - 175*w + 83*w + 82*w + h*w**2. Give c(9).
-20
Suppose 11 = 2*p - 17. Suppose -z = z - p. Let g(b) be the second derivative of -b**5/20 + 2*b**4/3 - 7*b**3/6 - 5*b**2/2 + 709*b - 2. Calculate g(z).
-5
Let p(y) = y**2 + y - 8. Let o be -1 - (-1 + (1 - 1))/1. Suppose 6*b - 7*b = o. Give p(b).
-8
Let a(u) be the third derivative of u**4/6 - 5*u**3/3 - 34*u**2. Let b be a(4). Let r(g) = 17*g**2 - 26*g**2 - b*g + 0*g**3 - g**3 + 8. Give r(-8).
-8
Let r be 2 + 4 + -4 - -24. Suppose r*d = 12*d + 56. Let u(y) = -y**2 + 7*y - 3. Let c(w) = -w**2 + 8*w - 4. Let q(b) = -2*c(b) + 3*u(b). Determine q(d).
3
Suppose 5*w = -17 + 52. Let o(k) = -8 + 1511*k + 7*k**2 + 0*k**3 + 1 - k**3 - 1510*k. Calculate o(w).
0
Let l(a) = a**3 - 8*a**2 - 12*a + 9. Let x(p) = -4*p - 10. Let g(c) = -5*c - 12. Let z(b) = 5*g(b) - 6*x(b). Let k(q) = -l(q) + 2*z(q). Determine k(9).
0
Let l(t) = t**3 + 12*t**2 - 1. Let u be l(-12). Let m be (u - -5 - 3)/(-1). Let d be (m + -4 - -7) + (-8 - 0). Let j(b) = -2*b - 3. Calculate j(d).
9
Suppose 5*j = n - 21, -75 + 37 = -4*n - 3*j. Let l(r) = -r**3 + 13*r**2 - 22*r - 6. Give l(n).
-6
Suppose 47*p + 410 = 269. Let m(h) = -5*h**2 - 8*h - 1. Calculate m(p).
-22
Suppose 20*y - 338 = -177 + 199. Let v(l) = -3*l + 8. What is v(y)?
-46
Let v(f) = 3*f**2 + 8*f - 8. Let u(k) = -k**2 - 4*k + 4. Let g(r) = -5*u(r) - 2*v(r). Suppose -6*i + 40 = 526. Let o be (1/(-3))/(9/i). Calculate g(o).
-1
Suppose -4 - 2 = 5*q + 19. Let t(x) = x**3 + 3*x**2 - 13*x - 2. Give t(q).
13
Let f be 16/24*-9 + 11. Suppose -f*n = 3*k - 37, 4*k - n - 2 = 9. Let v(j) = -6 + 3 + 7*j - 4*j. Determine v(k).
9
Suppose -8 = -a + 5*h - 0, -3*a - h + 8 = 0. Let g(t) be the second derivative of -5/6*t**a + 4*t + 0 + t**2. What is g(2)?
-8
Let r = 349 - 458. Let v = r - -116. Let y(q) be the first derivative of q**3/3 - 7*q**2/2 + 5*q - 3. Give y(v).
5
Let o(s) = -269*s + 172 + 75*s + 72*s + 70*s + 64*s. What is o(-14)?
4
Let q(c) = -25*c - 421. Let x be q(-16). Let m(l) = -5*l - 107. Calculate m(x).
-2
Let h(v) = -v**2 - 8*v - 2. Suppose -13 = -105*b + 104*b. Suppose -6 = -o - b. Let d be h(o). Let p(j) = j**3 - 5*j**2 - 4*j - 3. What is p(d)?
-23
Let a(k) = 2*k + 11. Let u(s) = 32 - 34*s - 32*s + 72*s. Let l(t) = -17*a(t) + 6*u(t). Give l(-5).
-5
Let d(f) = f**2 + 7*f - 13. Let o(y) = y**2 + 7*y - 14. Let s(l) = -5*d(l) + 4*o(l). Let x(v) = 6*v + 5. Suppose -2*r - 2*r = 8. Let t be x(r). Calculate s(t).
9
Let k be -3*27/(90/10). Let x(f) = 2*f**3 + 18*f**2 + 3*f + 28. Give x(k).
1
Let q(c) = c - 16. Suppose 34*h - 13702 = 12478. Let u = h - 770. Give q(u).
-16
Let u be (-68)/(-374) + (-136)/22. Let v(h) = 2*h**3 + 15*h**2 + 9*h - 9. Calculate v(u).
45
Let v = 3503 - 3506. Let o(l) = -l**3 + 3*l**2 + 2*l - 3. Give o(v).
45
Let w(h) = h**3 - 9*h**2 - 9*h - 7. Let p be w(10). Let j(x) = 4*x**2 - 7*x. Let g(f) = 14 + 19 - 7*f - 43 + 3*f**2 + 11. Let b(l) = 3*g(l) - 2*j(l). Give b(p).
-9
Let h(n) = 2*n**3 - 3*n**2 + 2*n - 4. Let k(g) = g**3 - 66*g**2 - 73*g + 404. Let p be k(67). What is h(p)?
4
Let c(v) be the second derivative of -5*v**3/6 + 7*v**2 - 58*v + 3. What is c(3)?
-1
Let h(n) = 7*n - 4*n - 12*n**2 - 1609*n**3 - 16*n - 16*n + 1610*n**3 + 23. Determine h(14).
9
Let p(i) = -5*i - 10*i + 16*i. Let h(d) = 169*d + 165. Let u be h(-1). What is p(u)?
-4
Let h(p) = p**2 + 10*p + 26. Let l(s) = s**3 + 13*s**2 - 13*s + 4. Let n be l(-14). Give h(n).
26
Let o be (-90)/(-6)*(-3 + (-7)/(-3)). Let s = o + 12. Let p(m) = 5*m**2 + 1 - 4*m - 25*m**3 + 24*m**3 - m**s + 3. What is p(3)?
1
Let q(w) = 6*w + 1. Let i(z) = z**2 - 22*z + 27. Let p(c) = i(c) + 5*q(c). What is p(-6)?
20
Let h(s) be the third derivative of s**6/120 + s**5/20 - s**4/2 - 4*s**3 + 20*s**2. Let t be h(-2). Let p(a) = 2*a**3 - 7*a**2 + 5*a - 3. Give p(t).
33
Let z(k) be the third derivative of -k**5/30 + 35*k**4/24 - 25*k**3/3 + 3059*k**2. Give z(16).
-2
Suppose 193 = -3*i - 4*m, 4*i = 2*i - m - 137. Suppose -r - z - 52 - 20 = 0, 5*r = 4*z - 387. Let v = r - i. Let u(l) = l**2 + 6*l + 2. What is u(v)?
-6
Let r(b) = 18*b + 170. Let n = 43434 - 43445. Calculate r(n).
-28
Let h(q) = -2*q + 15*q**2 - 6 + 26*q**3 - 78*q**2 + 5 + 62*q**2. Let v = -13 - -12. Calculate h(v).
-26
Let q(p) = -19*p**2 - 5707*p**3 + 19*p - 5711*p**3 - 25 + 11419*p**3. Determine q(18).
-7
Let f(w) = -w**2 + 7*w - 12. Suppose 94*r + 1521 = 263*r. What is f(r)?
-30
Let w(n) = n**3 - 4*n**2 - 6*n - 6. Let s(m) = 17*m**3 - 2*m**2 - 6*m. Let f be s(2). Suppose 0 = -14*t - 46 + f. What is w(t)?
-11
Let j(h) be the first derivative of -h**5/60 - h**4/6 - h**3/2 - 20*h**2 - 29. Let g(q) be the second derivative of j(q). Give g(-4).
-3
Let f(o) = -5*o**2. Suppose -2*d = -2*x + x - 57, -5*x + 118 = 3*d. Let h = d + -30. Let g be (-20)/(-25) - h/(-5). Calculate f(g).
-5
Let f(y) = 40*y + 235. Let s(a) = a**3 - 24*a**2 + 92*a - 1062. Let n be s(22). Determine f(n).
-5
Let r(x) = -2*x - 10. Suppose 547 = -10*s - 603. Let b be (-3 - s/15)/(4/(-6)). Calculate r(b).
4
Let n(v) = 2*v**2 + 6*v - 7. Suppose -45*f + 315 = -50*f. Let i = f + 58. Calculate n(i).
13
Let z(y) = 2*y - 34. Let w be 10/((38 + -20)/18). What is z(w)?
-14
Let j be (2 - -9 - -1) + -4